e prime factors of 5916419?
5916419
List the prime factors of 1033282.
2, 41, 12601
What are the prime factors of 3170841?
3, 61, 17327
What are the prime factors of 1870404?
2, 3, 79, 1973
What are the prime factors of 669702?
2, 3, 11, 73, 139
What are the prime factors of 4422900?
2, 3, 5, 23, 641
List the prime factors of 268699.
47, 5717
What are the prime factors of 903946?
2, 23, 43, 457
List the prime factors of 155434.
2, 23, 31, 109
What are the prime factors of 2085741?
3, 7, 33107
What are the prime factors of 3608786?
2, 479, 3767
List the prime factors of 2335339.
53, 139, 317
What are the prime factors of 2985607?
23, 271, 479
What are the prime factors of 3906612?
2, 3, 108517
List the prime factors of 1337178.
2, 3, 222863
What are the prime factors of 409481?
271, 1511
List the prime factors of 234406.
2, 117203
List the prime factors of 265270.
2, 5, 41, 647
List the prime factors of 15449789.
15449789
List the prime factors of 217967.
37, 43, 137
List the prime factors of 60288.
2, 3, 157
What are the prime factors of 333208?
2, 41651
List the prime factors of 798593.
373, 2141
List the prime factors of 6724659.
3, 2241553
What are the prime factors of 5825990?
2, 5, 683, 853
What are the prime factors of 5779454?
2, 31, 97
List the prime factors of 2312792.
2, 289099
List the prime factors of 123343.
11, 11213
What are the prime factors of 240263?
240263
List the prime factors of 12877739.
7, 37, 7103
What are the prime factors of 19459?
11, 29, 61
List the prime factors of 232394.
2, 131, 887
What are the prime factors of 8018300?
2, 5, 181, 443
What are the prime factors of 4239819?
3, 471091
What are the prime factors of 30677620?
2, 5, 1533881
List the prime factors of 58188.
2, 3, 13, 373
What are the prime factors of 994896?
2, 3, 7, 47
List the prime factors of 306801.
3, 11, 1033
List the prime factors of 156991.
37, 4243
List the prime factors of 1073008.
2, 199, 337
What are the prime factors of 3223565?
5, 23, 28031
What are the prime factors of 2477456?
2, 154841
What are the prime factors of 31785543?
3, 3531727
List the prime factors of 1294258.
2, 7, 193, 479
What are the prime factors of 11683070?
2, 5, 7, 113, 211
What are the prime factors of 87877?
87877
What are the prime factors of 508351?
17, 1759
List the prime factors of 2350212.
2, 3, 139, 1409
List the prime factors of 72419.
139, 521
What are the prime factors of 15554075?
5, 677, 919
What are the prime factors of 2905533?
3, 71, 4547
What are the prime factors of 31621?
103, 307
List the prime factors of 2131307.
17, 125371
List the prime factors of 83165.
5, 16633
List the prime factors of 16653409.
431, 38639
List the prime factors of 275469.
3, 91823
List the prime factors of 872720.
2, 5, 10909
List the prime factors of 1353157.
13, 104089
What are the prime factors of 2922956?
2, 229, 3191
List the prime factors of 30627937.
30627937
What are the prime factors of 595906?
2, 297953
List the prime factors of 28771448.
2, 3596431
List the prime factors of 2101993.
23, 59, 1549
List the prime factors of 14305522.
2, 7, 11, 92893
List the prime factors of 21544414.
2, 10772207
What are the prime factors of 8050694?
2, 4025347
List the prime factors of 712128.
2, 3, 3709
List the prime factors of 706770.
2, 3, 5, 7853
What are the prime factors of 5519252?
2, 1379813
List the prime factors of 21115461.
3, 439, 16033
List the prime factors of 1956186.
2, 3, 108677
List the prime factors of 604568.
2, 75571
What are the prime factors of 82508?
2, 20627
List the prime factors of 2219132.
2, 23, 24121
What are the prime factors of 7416240?
2, 3, 5, 13, 2377
What are the prime factors of 661113?
3, 17, 29, 149
What are the prime factors of 1217698?
2, 89, 6841
What are the prime factors of 596159?
596159
What are the prime factors of 2884140?
2, 3, 5, 7, 109
What are the prime factors of 7705339?
7705339
What are the prime factors of 4179459?
3, 137, 10169
List the prime factors of 14466675.
3, 5, 192889
List the prime factors of 161513.
11, 14683
What are the prime factors of 503920?
2, 5, 6299
What are the prime factors of 800141?
31, 53, 487
What are the prime factors of 298019?
53, 5623
What are the prime factors of 339590?
2, 5, 29, 1171
What are the prime factors of 370499?
163, 2273
List the prime factors of 30225.
3, 5, 13, 31
What are the prime factors of 439300?
2, 5, 23, 191
List the prime factors of 21440.
2, 5, 67
List the prime factors of 182989.
19, 9631
List the prime factors of 411630.
2, 3, 5, 13721
What are the prime factors of 185351?
17, 10903
What are the prime factors of 210410?
2, 5, 53, 397
List the prime factors of 4185731.
11, 41, 9281
List the prime factors of 5928438.
2, 3, 59, 16747
What are the prime factors of 331287?
3, 11, 10039
List the prime factors of 23974941.
3, 19, 420613
What are the prime factors of 290988?
2, 3, 59, 137
List the prime factors of 205382.
2, 103, 997
List the prime factors of 63168.
2, 3, 7, 47
List the prime factors of 325129.
7, 46447
What are the prime factors of 31478919?
3, 31, 59, 5737
List the prime factors of 25084580.
2, 5, 31, 40459
List the prime factors of 4214694.
2, 3, 11, 19, 3361
What are the prime factors of 496370?
2, 5, 7, 1013
List the prime factors of 2170364.
2, 7, 77513
What are the prime factors of 27080?
2, 5, 677
What are the prime factors of 2063512?
2, 11, 131, 179
What are the prime factors of 6464259?
3, 239417
List the prime factors of 1415238.
2, 3, 11, 41, 523
List the prime factors of 979751.
541, 1811
What are the prime factors of 2014094?
2, 1007047
What are the prime factors of 13416958?
2, 23, 137, 2129
What are the prime factors of 426013?
7, 60859
List the prime factors of 252209.
252209
What are the prime factors of 2872733?
283, 10151
What are the prime factors of 207453?
3, 69151
List the prime factors of 8252887.
37, 223051
List the prime factors of 850976.
2, 7, 29, 131
What are the prime factors of 9106479?
3, 337277
What are the prime factors of 6290021?
6290021
What are the prime factors of 651661?
17, 38333
What are the prime factors of 4502838?
2, 3, 750473
List the prime factors of 393802.
2, 196901
What are the prime factors of 502642?
2, 7, 23, 223
What are the prime factors of 255745?
5, 7, 7307
List the prime factors of 8653642.
2, 4326821
List the prime factors of 3358428.
2, 3, 239, 1171
What are the prime factors of 2372292?
2, 3, 13, 37, 137
List the prime factors of 10364452.
2, 7, 370159
List the prime factors of 19877594.
2, 11, 903527
List the prime factors of 5415564.
2, 3, 7, 11, 5861
What are the prime factors of 95522?
2, 7, 6823
What are the prime factors of 720551?
13, 43, 1289
What are the prime factors of 549706?
2, 274853
List the prime factors of 194678.
2, 11, 8849
List the prime factors of 699958.
2, 7, 17, 173
List the prime factors of 29986275.
3, 5, 11, 19, 1913
List the prime factors of 4094512.
2, 255907
List the prime factors of 1390150.
2, 5, 27803
What are the prime factors of 322812?
2, 3, 7, 61
List the prime factors of 4522289.
17, 29, 9173
List the prime factors of 233721.
3, 25969
What are the prime factors of 8684170?
2, 5, 11, 7177
List the prime factors of 2691417.
3, 37, 24247
List the prime factors of 734841.
3, 81649
What are the prime factors of 2103090?
2, 3, 5, 11, 6373
What are the prime factors of 1195049?
17, 70297
List the prime factors of 24166.
2, 43, 281
What are the prime factors of 744643?
367, 2029
List the prime factors of 2663846.
2, 1331923
List the prime factors of 714961.
13, 43, 1279
List the prime factors of 400176.
2, 3, 7, 397
List the prime factors of 52101.
3, 7, 827
List the prime factors of 101968.
2, 6373
List the prime factors of 9291293.
11, 101, 8363
What are the prime factors of 8697445?
5, 137, 12697
What are the prime factors of 78480?
2, 3, 5, 109
List the prime factors of 6645925.
5, 11, 13
What are the prime factors of 165822?
2, 3, 29, 953
List the prime factors of 14170843.
17, 103, 8093
What are the prime factors of 947660?
2, 5, 7, 967
List the prime factors of 3870484.
2, 53, 18257
List the prime factors of 26418227.
11, 19, 41, 3083
List the prime factors of 1809227.
7, 36923
What are the prime factors of 2548523?
37, 68879
List the prime factors of 186012